Last updated on 2025-04-30 04:50:23 CEST.
Flavor | Version | Tinstall | Tcheck | Ttotal | Status | Flags |
---|---|---|---|---|---|---|
r-devel-linux-x86_64-debian-clang | 1.1.0 | 17.08 | 278.92 | 296.00 | NOTE | |
r-devel-linux-x86_64-debian-gcc | 1.1.0 | 9.30 | 178.96 | 188.26 | OK | |
r-devel-linux-x86_64-fedora-clang | 1.1.0 | 486.19 | OK | |||
r-devel-linux-x86_64-fedora-gcc | 1.1.0 | 480.37 | OK | |||
r-devel-windows-x86_64 | 1.1.0 | 18.00 | 252.00 | 270.00 | OK | |
r-patched-linux-x86_64 | 1.1.0 | 17.00 | 266.27 | 283.27 | OK | |
r-release-linux-x86_64 | 1.1.0 | 14.85 | 263.38 | 278.23 | OK | |
r-release-macos-arm64 | 1.1.0 | 115.00 | OK | |||
r-release-macos-x86_64 | 1.1.0 | 247.00 | OK | |||
r-release-windows-x86_64 | 1.1.0 | 16.00 | 258.00 | 274.00 | OK | |
r-oldrel-macos-arm64 | 1.1.0 | 128.00 | NOTE | |||
r-oldrel-macos-x86_64 | 1.1.0 | 344.00 | NOTE | |||
r-oldrel-windows-x86_64 | 1.1.0 | 23.00 | 352.00 | 375.00 | NOTE |
Version: 1.1.0
Check: examples
Result: NOTE
Examples with CPU (user + system) or elapsed time > 5s
user system elapsed
make_sd 6.131 0.078 7.106
FDM 5.239 0.455 6.557
undo_sd 4.895 0.116 6.390
Flavor: r-devel-linux-x86_64-debian-clang
Version: 1.1.0
Check: installed package size
Result: NOTE
installed size is 6.0Mb
sub-directories of 1Mb or more:
data 4.4Mb
help 1.3Mb
Flavors: r-oldrel-macos-arm64, r-oldrel-macos-x86_64, r-oldrel-windows-x86_64