CRAN Package Check Results for Package vitality

Last updated on 2025-04-30 04:50:23 CEST.

Flavor Version Tinstall Tcheck Ttotal Status Flags
r-devel-linux-x86_64-debian-clang 1.3 6.58 40.43 47.01 NOTE
r-devel-linux-x86_64-debian-gcc 1.3 4.16 28.19 32.35 NOTE
r-devel-linux-x86_64-fedora-clang 1.3 73.26 OK
r-devel-linux-x86_64-fedora-gcc 1.3 69.61 OK
r-devel-windows-x86_64 1.3 6.00 61.00 67.00 OK
r-patched-linux-x86_64 1.3 7.73 39.14 46.87 OK
r-release-linux-x86_64 1.3 5.51 38.04 43.55 OK
r-release-macos-arm64 1.3 23.00 OK
r-release-macos-x86_64 1.3 39.00 OK
r-release-windows-x86_64 1.3 6.00 65.00 71.00 OK
r-oldrel-macos-arm64 1.3 21.00 OK
r-oldrel-macos-x86_64 1.3 33.00 OK
r-oldrel-windows-x86_64 1.3 6.00 60.00 66.00 OK

Check Details

Version: 1.3
Check: CRAN incoming feasibility
Result: NOTE Maintainer: ‘David J. Sharrow <dsharrow@uw.edu>’ No Authors@R field in DESCRIPTION. Please add one, modifying Authors@R: c(person(given = "Gregor", family = "Passolt", role = "aut"), person(given = c("James", "J."), family = "Anderson", role = "aut"), person(given = "Ting", family = "Li", role = "aut"), person(given = c("David", "H."), family = "Salinger", role = "aut"), person(given = c("David", "J."), family = "Sharrow", role = c("aut", "cre"), email = "dsharrow@uw.edu")) as necessary. Flavors: r-devel-linux-x86_64-debian-clang, r-devel-linux-x86_64-debian-gcc