Last updated on 2025-04-30 04:50:23 CEST.
Flavor | Version | Tinstall | Tcheck | Ttotal | Status | Flags |
---|---|---|---|---|---|---|
r-devel-linux-x86_64-debian-clang | 1.0.3 | 13.77 | 313.91 | 327.68 | OK | |
r-devel-linux-x86_64-debian-gcc | 1.0.3 | 10.91 | 202.87 | 213.78 | OK | |
r-devel-linux-x86_64-fedora-clang | 1.0.3 | 509.59 | OK | |||
r-devel-linux-x86_64-fedora-gcc | 1.0.3 | 496.82 | OK | |||
r-devel-windows-x86_64 | 1.0.3 | 15.00 | 277.00 | 292.00 | OK | |
r-patched-linux-x86_64 | 1.0.3 | 12.71 | 301.00 | 313.71 | OK | |
r-release-linux-x86_64 | 1.0.3 | 12.25 | 301.68 | 313.93 | OK | |
r-release-macos-arm64 | 1.0.3 | 171.00 | OK | |||
r-release-macos-x86_64 | 1.0.3 | 303.00 | OK | |||
r-release-windows-x86_64 | 1.0.3 | 15.00 | 276.00 | 291.00 | OK | |
r-oldrel-macos-arm64 | 1.0.3 | 142.00 | NOTE | |||
r-oldrel-macos-x86_64 | 1.0.3 | 303.00 | NOTE | |||
r-oldrel-windows-x86_64 | 1.0.3 | 19.00 | 374.00 | 393.00 | OK |
Version: 1.0.3
Check: package dependencies
Result: NOTE
Package suggested but not available for checking: ‘INLA’
Flavors: r-oldrel-macos-arm64, r-oldrel-macos-x86_64
Version: 1.0.3
Check: Rd cross-references
Result: NOTE
Package unavailable to check Rd xrefs: ‘INLA’
Flavors: r-oldrel-macos-arm64, r-oldrel-macos-x86_64