CRAN Package Check Results for Package vol2birdR

Last updated on 2025-04-30 04:50:23 CEST.

Flavor Version Tinstall Tcheck Ttotal Status Flags
r-devel-linux-x86_64-debian-clang 1.0.9 94.97 67.50 162.47 OK
r-devel-linux-x86_64-debian-gcc 1.0.9 78.35 50.54 128.89 OK
r-devel-linux-x86_64-fedora-clang 1.0.9 259.33 OK
r-devel-linux-x86_64-fedora-gcc 1.0.9 287.53 OK
r-devel-windows-x86_64 1.0.9 189.00 246.00 435.00 OK
r-patched-linux-x86_64 1.0.9 97.35 64.48 161.83 OK
r-release-linux-x86_64 1.0.9 97.12 64.05 161.17 OK
r-release-macos-arm64 1.0.9 112.00 OK
r-release-macos-x86_64 1.0.9 147.00 OK
r-release-windows-x86_64 1.0.9 196.00 271.00 467.00 OK
r-oldrel-macos-arm64 1.0.9 102.00 NOTE
r-oldrel-macos-x86_64 1.0.9 197.00 NOTE
r-oldrel-windows-x86_64 1.0.9 203.00 313.00 516.00 NOTE

Check Details

Version: 1.0.9
Check: installed package size
Result: NOTE installed size is 27.0Mb sub-directories of 1Mb or more: extdata 1.6Mb libs 25.1Mb Flavors: r-oldrel-macos-arm64, r-oldrel-macos-x86_64, r-oldrel-windows-x86_64

Version: 1.0.9
Check: for GNU extensions in Makefiles
Result: NOTE GNU make is a SystemRequirements. Flavors: r-oldrel-macos-arm64, r-oldrel-macos-x86_64, r-oldrel-windows-x86_64