CRAN Package Check Results for Package vov

Last updated on 2025-04-30 04:50:23 CEST.

Flavor Version Tinstall Tcheck Ttotal Status Flags
r-devel-linux-x86_64-debian-clang 0.1.2 2.57 27.23 29.80 OK
r-devel-linux-x86_64-debian-gcc 0.1.2 2.04 20.49 22.53 OK
r-devel-linux-x86_64-fedora-clang 0.1.2 45.38 OK
r-devel-linux-x86_64-fedora-gcc 0.1.2 43.67 OK
r-devel-windows-x86_64 0.1.2 5.00 61.00 66.00 OK
r-patched-linux-x86_64 0.1.2 3.72 26.05 29.77 OK
r-release-linux-x86_64 0.1.2 2.27 25.74 28.01 OK
r-release-macos-arm64 0.1.2 31.00 OK
r-release-macos-x86_64 0.1.2 30.00 OK
r-release-windows-x86_64 0.1.2 5.00 61.00 66.00 OK
r-oldrel-macos-arm64 0.1.2 21.00 NOTE
r-oldrel-macos-x86_64 0.1.2 27.00 NOTE
r-oldrel-windows-x86_64 0.1.2 5.00 70.00 75.00 NOTE

Check Details

Version: 0.1.2
Check: LazyData
Result: NOTE 'LazyData' is specified without a 'data' directory Flavors: r-oldrel-macos-arm64, r-oldrel-macos-x86_64, r-oldrel-windows-x86_64