CRAN Package Check Results for Package vroom

Last updated on 2025-04-30 04:50:23 CEST.

Flavor Version Tinstall Tcheck Ttotal Status Flags
r-devel-linux-x86_64-debian-clang 1.6.5 108.89 108.29 217.18 NOTE
r-devel-linux-x86_64-debian-gcc 1.6.5 85.34 89.36 174.70 NOTE
r-devel-linux-x86_64-fedora-clang 1.6.5 354.36 NOTE
r-devel-linux-x86_64-fedora-gcc 1.6.5 397.23 NOTE
r-devel-windows-x86_64 1.6.5 152.00 148.00 300.00 NOTE
r-patched-linux-x86_64 1.6.5 119.70 103.24 222.94 NOTE
r-release-linux-x86_64 1.6.5 118.13 102.40 220.53 NOTE
r-release-macos-arm64 1.6.5 139.00 NOTE
r-release-macos-x86_64 1.6.5 140.00 NOTE
r-release-windows-x86_64 1.6.5 154.00 158.00 312.00 NOTE
r-oldrel-macos-arm64 1.6.5 95.00 NOTE
r-oldrel-macos-x86_64 1.6.5 107.00 NOTE
r-oldrel-windows-x86_64 1.6.5 170.00 174.00 344.00 OK

Additional issues

rchk

Check Details

Version: 1.6.5
Check: compiled code
Result: NOTE File ‘vroom/libs/vroom.so’: Found non-API calls to R: ‘DATAPTR’, ‘SETLENGTH’, ‘SET_TRUELENGTH’, ‘STDVEC_DATAPTR’ Compiled code should not call non-API entry points in R. See ‘Writing portable packages’ in the ‘Writing R Extensions’ manual, and section ‘Moving into C API compliance’ for issues with the use of non-API entry points. Flavors: r-devel-linux-x86_64-debian-clang, r-devel-linux-x86_64-debian-gcc, r-devel-linux-x86_64-fedora-clang, r-devel-linux-x86_64-fedora-gcc, r-patched-linux-x86_64, r-release-linux-x86_64, r-release-macos-arm64, r-release-macos-x86_64

Version: 1.6.5
Check: compiled code
Result: NOTE File 'vroom/libs/x64/vroom.dll': Found non-API calls to R: 'DATAPTR', 'SETLENGTH', 'SET_TRUELENGTH', 'STDVEC_DATAPTR' Compiled code should not call non-API entry points in R. See 'Writing portable packages' in the 'Writing R Extensions' manual, and section 'Moving into C API compliance' for issues with the use of non-API entry points. Flavors: r-devel-windows-x86_64, r-release-windows-x86_64

Version: 1.6.5
Check: installed package size
Result: NOTE installed size is 9.9Mb sub-directories of 1Mb or more: libs 8.4Mb Flavors: r-oldrel-macos-arm64, r-oldrel-macos-x86_64