Last updated on 2025-04-30 04:50:23 CEST.
Flavor | Version | Tinstall | Tcheck | Ttotal | Status | Flags |
---|---|---|---|---|---|---|
r-devel-linux-x86_64-debian-clang | 0.1.0 | 9.37 | 82.23 | 91.60 | NOTE | |
r-devel-linux-x86_64-debian-gcc | 0.1.0 | 7.85 | 60.10 | 67.95 | NOTE | |
r-devel-linux-x86_64-fedora-clang | 0.1.0 | 134.08 | NOTE | |||
r-devel-linux-x86_64-fedora-gcc | 0.1.0 | 125.09 | NOTE | |||
r-devel-windows-x86_64 | 0.1.0 | 12.00 | 94.00 | 106.00 | NOTE | |
r-patched-linux-x86_64 | 0.1.0 | 8.54 | 76.65 | 85.19 | NOTE | |
r-release-linux-x86_64 | 0.1.0 | 8.66 | 77.67 | 86.33 | NOTE | |
r-release-macos-arm64 | 0.1.0 | 41.00 | OK | |||
r-release-macos-x86_64 | 0.1.0 | 71.00 | OK | |||
r-release-windows-x86_64 | 0.1.0 | 11.00 | 90.00 | 101.00 | NOTE | |
r-oldrel-macos-arm64 | 0.1.0 | 40.00 | OK | |||
r-oldrel-macos-x86_64 | 0.1.0 | 59.00 | OK | |||
r-oldrel-windows-x86_64 | 0.1.0 | 13.00 | 113.00 | 126.00 | OK |
Version: 0.1.0
Check: Rd cross-references
Result: NOTE
Found the following Rd file(s) with Rd \link{} targets missing package
anchors:
vsd.Rd: ggplot2, Surv
Please provide package anchors for all Rd \link{} targets not in the
package itself and the base packages.
Flavors: r-devel-linux-x86_64-debian-clang, r-devel-linux-x86_64-debian-gcc, r-devel-windows-x86_64, r-patched-linux-x86_64, r-release-linux-x86_64, r-release-windows-x86_64
Version: 0.1.0
Check: examples
Result: NOTE
Examples with CPU (user + system) or elapsed time > 5s
user system elapsed
vsd 5.98 0.544 7.389
Flavor: r-devel-linux-x86_64-debian-clang
Version: 0.1.0
Check: dependencies in R code
Result: NOTE
Namespace in Imports field not imported from: ‘flexsurv’
All declared Imports should be used.
Flavors: r-devel-linux-x86_64-fedora-clang, r-devel-linux-x86_64-fedora-gcc