Last updated on 2025-04-30 04:50:23 CEST.
Flavor | Version | Tinstall | Tcheck | Ttotal | Status | Flags |
---|---|---|---|---|---|---|
r-devel-linux-x86_64-debian-clang | 0.1.2 | 10.16 | 103.24 | 113.40 | NOTE | |
r-devel-linux-x86_64-debian-gcc | 0.1.2 | 6.74 | 73.40 | 80.14 | NOTE | |
r-devel-linux-x86_64-fedora-clang | 0.1.2 | 168.09 | OK | |||
r-devel-linux-x86_64-fedora-gcc | 0.1.2 | 174.87 | OK | |||
r-devel-windows-x86_64 | 0.1.2 | 11.00 | 108.00 | 119.00 | OK | |
r-patched-linux-x86_64 | 0.1.2 | 9.67 | 97.02 | 106.69 | OK | |
r-release-linux-x86_64 | 0.1.2 | 9.58 | 98.04 | 107.62 | OK | |
r-release-macos-arm64 | 0.1.2 | 53.00 | OK | |||
r-release-macos-x86_64 | 0.1.2 | 103.00 | OK | |||
r-release-windows-x86_64 | 0.1.2 | 11.00 | 107.00 | 118.00 | OK | |
r-oldrel-macos-arm64 | 0.1.2 | 62.00 | OK | |||
r-oldrel-macos-x86_64 | 0.1.2 | 110.00 | OK | |||
r-oldrel-windows-x86_64 | 0.1.2 | 13.00 | 135.00 | 148.00 | OK |
Version: 0.1.2
Check: examples
Result: NOTE
Examples with CPU (user + system) or elapsed time > 5s
user system elapsed
plot_varimax_z_pairs 6.71 0.079 7.841
Flavor: r-devel-linux-x86_64-debian-clang
Version: 0.1.2
Check: examples
Result: NOTE
Examples with CPU (user + system) or elapsed time > 5s
user system elapsed
plot_varimax_z_pairs 4.29 0.022 5.178
Flavor: r-devel-linux-x86_64-debian-gcc