CRAN Package Check Results for Package wactor

Last updated on 2025-04-30 04:50:23 CEST.

Flavor Version Tinstall Tcheck Ttotal Status Flags
r-devel-linux-x86_64-debian-clang 0.0.1 2.74 34.28 37.02 OK
r-devel-linux-x86_64-debian-gcc 0.0.1 1.85 27.24 29.09 OK
r-devel-linux-x86_64-fedora-clang 0.0.1 58.48 NOTE
r-devel-linux-x86_64-fedora-gcc 0.0.1 54.40 NOTE
r-devel-windows-x86_64 0.0.1 4.00 54.00 58.00 OK
r-patched-linux-x86_64 0.0.1 2.69 30.74 33.43 OK
r-release-linux-x86_64 0.0.1 2.47 30.38 32.85 OK
r-release-macos-arm64 0.0.1 21.00 OK
r-release-macos-x86_64 0.0.1 34.00 OK
r-release-windows-x86_64 0.0.1 5.00 53.00 58.00 OK
r-oldrel-macos-arm64 0.0.1 21.00 NOTE
r-oldrel-macos-x86_64 0.0.1 31.00 NOTE
r-oldrel-windows-x86_64 0.0.1 4.00 59.00 63.00 NOTE

Check Details

Version: 0.0.1
Check: dependencies in R code
Result: NOTE Namespaces in Imports field not imported from: ‘Matrix’ ‘R6’ All declared Imports should be used. Flavors: r-devel-linux-x86_64-fedora-clang, r-devel-linux-x86_64-fedora-gcc

Version: 0.0.1
Check: LazyData
Result: NOTE 'LazyData' is specified without a 'data' directory Flavors: r-oldrel-macos-arm64, r-oldrel-macos-x86_64, r-oldrel-windows-x86_64