CRAN Package Check Results for Package waiter

Last updated on 2025-04-30 04:50:23 CEST.

Flavor Version Tinstall Tcheck Ttotal Status Flags
r-devel-linux-x86_64-debian-clang 0.2.5 8.51 44.28 52.79 OK
r-devel-linux-x86_64-debian-gcc 0.2.5 4.71 33.89 38.60 OK
r-devel-linux-x86_64-fedora-clang 0.2.5 78.64 NOTE
r-devel-linux-x86_64-fedora-gcc 0.2.5 88.29 NOTE
r-devel-windows-x86_64 0.2.5 9.00 67.00 76.00 OK
r-patched-linux-x86_64 0.2.5 7.68 40.86 48.54 OK
r-release-linux-x86_64 0.2.5 7.86 40.32 48.18 OK
r-release-macos-arm64 0.2.5 47.00 OK
r-release-macos-x86_64 0.2.5 64.00 OK
r-release-windows-x86_64 0.2.5 10.00 67.00 77.00 OK
r-oldrel-macos-arm64 0.2.5 30.00 OK
r-oldrel-macos-x86_64 0.2.5 46.00 OK
r-oldrel-windows-x86_64 0.2.5 12.00 75.00 87.00 OK

Check Details

Version: 0.2.5
Check: dependencies in R code
Result: NOTE Namespace in Imports field not imported from: ‘R6’ All declared Imports should be used. Flavors: r-devel-linux-x86_64-fedora-clang, r-devel-linux-x86_64-fedora-gcc