Last updated on 2025-04-30 04:50:23 CEST.
Flavor | Version | Tinstall | Tcheck | Ttotal | Status | Flags |
---|---|---|---|---|---|---|
r-devel-linux-x86_64-debian-clang | 0.3.6 | 5.44 | 61.40 | 66.84 | NOTE | |
r-devel-linux-x86_64-debian-gcc | 0.3.6 | 3.77 | 42.25 | 46.02 | NOTE | |
r-devel-linux-x86_64-fedora-clang | 0.3.6 | 99.09 | OK | |||
r-devel-linux-x86_64-fedora-gcc | 0.3.6 | 94.30 | OK | |||
r-devel-windows-x86_64 | 0.3.6 | 8.00 | 102.00 | 110.00 | OK | |
r-patched-linux-x86_64 | 0.3.6 | 9.33 | 56.71 | 66.04 | OK | |
r-release-linux-x86_64 | 0.3.6 | 4.15 | 55.66 | 59.81 | OK | |
r-release-macos-arm64 | 0.3.6 | 30.00 | OK | |||
r-release-macos-x86_64 | 0.3.6 | 54.00 | OK | |||
r-release-windows-x86_64 | 0.3.6 | 9.00 | 98.00 | 107.00 | OK | |
r-oldrel-macos-arm64 | 0.3.6 | 28.00 | OK | |||
r-oldrel-macos-x86_64 | 0.3.6 | 44.00 | OK | |||
r-oldrel-windows-x86_64 | 0.3.6 | 9.00 | 109.00 | 118.00 | OK |
Version: 0.3.6
Check: CRAN incoming feasibility
Result: NOTE
Maintainer: ‘Tyler Rinker <tyler.rinker@gmail.com>’
Package CITATION file contains call(s) to old-style citEntry(). Please
use bibentry() instead.
Flavors: r-devel-linux-x86_64-debian-clang, r-devel-linux-x86_64-debian-gcc