Last updated on 2025-04-30 04:50:23 CEST.
Flavor | Version | Tinstall | Tcheck | Ttotal | Status | Flags |
---|---|---|---|---|---|---|
r-devel-linux-x86_64-debian-clang | 1.0.10 | 517.19 | 243.71 | 760.90 | NOTE | |
r-devel-linux-x86_64-debian-gcc | 1.0.10 | 490.71 | 209.17 | 699.88 | OK | |
r-devel-linux-x86_64-fedora-clang | 1.0.10 | 1148.18 | OK | |||
r-devel-linux-x86_64-fedora-gcc | 1.0.10 | 1572.35 | OK | |||
r-devel-windows-x86_64 | 1.0.10 | 562.00 | 300.00 | 862.00 | OK | |
r-patched-linux-x86_64 | 1.0.10 | 599.06 | 289.11 | 888.17 | OK | |
r-release-linux-x86_64 | 1.0.10 | 590.03 | 287.90 | 877.93 | OK | |
r-release-macos-arm64 | 1.0.10 | 304.00 | OK | |||
r-release-macos-x86_64 | 1.0.10 | 373.00 | OK | |||
r-release-windows-x86_64 | 1.0.10 | 566.00 | 288.00 | 854.00 | OK | |
r-oldrel-macos-arm64 | 1.0.10 | 167.00 | NOTE | |||
r-oldrel-macos-x86_64 | 1.0.10 | 190.00 | NOTE | |||
r-oldrel-windows-x86_64 | 1.0.10 | 620.00 | 398.00 | 1018.00 | NOTE |
Version: 1.0.10
Check: examples
Result: NOTE
Examples with CPU (user + system) or elapsed time > 5s
user system elapsed
walker_glm 3.627 0.007 5.082
Flavor: r-devel-linux-x86_64-debian-clang
Version: 1.0.10
Check: installed package size
Result: NOTE
installed size is 115.6Mb
sub-directories of 1Mb or more:
libs 114.2Mb
Flavors: r-oldrel-macos-arm64, r-oldrel-macos-x86_64, r-oldrel-windows-x86_64
Version: 1.0.10
Check: for GNU extensions in Makefiles
Result: NOTE
GNU make is a SystemRequirements.
Flavors: r-oldrel-macos-arm64, r-oldrel-macos-x86_64