CRAN Package Check Results for Package wally

Last updated on 2025-04-30 04:50:23 CEST.

Flavor Version Tinstall Tcheck Ttotal Status Flags
r-devel-linux-x86_64-debian-clang 1.0.10 8.45 92.11 100.56 NOTE
r-devel-linux-x86_64-debian-gcc 1.0.10 5.49 65.93 71.42 NOTE
r-devel-linux-x86_64-fedora-clang 1.0.10 160.40 OK
r-devel-linux-x86_64-fedora-gcc 1.0.10 155.07 OK
r-devel-windows-x86_64 1.0.10 10.00 95.00 105.00 OK
r-patched-linux-x86_64 1.0.10 8.70 86.38 95.08 OK
r-release-linux-x86_64 1.0.10 7.54 87.11 94.65 OK
r-release-macos-arm64 1.0.10 51.00 OK
r-release-macos-x86_64 1.0.10 81.00 OK
r-release-windows-x86_64 1.0.10 9.00 98.00 107.00 OK
r-oldrel-macos-arm64 1.0.10 47.00 OK
r-oldrel-macos-x86_64 1.0.10 83.00 OK
r-oldrel-windows-x86_64 1.0.10 11.00 122.00 133.00 OK

Check Details

Version: 1.0.10
Check: CRAN incoming feasibility
Result: NOTE Maintainer: ‘Paul F. Blanche <paulfblanche@gmail.com>’ No Authors@R field in DESCRIPTION. Please add one, modifying Authors@R: c(person(given = c("Paul", "F"), family = "Blanche", role = "aut", email = "paulfblanche@gmail.com"), person(given = c("Thomas", "A."), family = "Gerds", role = "aut", email = "tag@biostat.ku.dk"), person(given = c("Paul", "F."), family = "Blanche", role = "cre", email = "paulfblanche@gmail.com")) as necessary. Flavors: r-devel-linux-x86_64-debian-clang, r-devel-linux-x86_64-debian-gcc