Last updated on 2025-04-30 04:50:23 CEST.
Flavor | Version | Tinstall | Tcheck | Ttotal | Status | Flags |
---|---|---|---|---|---|---|
r-devel-linux-x86_64-debian-clang | 1.0.5 | 16.66 | 31.25 | 47.91 | NOTE | |
r-devel-linux-x86_64-debian-gcc | 1.0.5 | 9.54 | 24.18 | 33.72 | NOTE | |
r-devel-linux-x86_64-fedora-clang | 1.0.5 | 74.80 | NOTE | |||
r-devel-linux-x86_64-fedora-gcc | 1.0.5 | 70.33 | NOTE | |||
r-devel-windows-x86_64 | 1.0.5 | 16.00 | 53.00 | 69.00 | OK | |
r-patched-linux-x86_64 | 1.0.5 | 15.20 | 29.75 | 44.95 | OK | |
r-release-linux-x86_64 | 1.0.5 | 14.44 | 29.36 | 43.80 | OK | |
r-release-macos-arm64 | 1.0.5 | 24.00 | OK | |||
r-release-macos-x86_64 | 1.0.5 | 44.00 | OK | |||
r-release-windows-x86_64 | 1.0.5 | 16.00 | 49.00 | 65.00 | OK | |
r-oldrel-macos-arm64 | 1.0.5 | 23.00 | OK | |||
r-oldrel-macos-x86_64 | 1.0.5 | 36.00 | OK | |||
r-oldrel-windows-x86_64 | 1.0.5 | 20.00 | 56.00 | 76.00 | OK |
Version: 1.0.5
Check: CRAN incoming feasibility
Result: NOTE
Maintainer: ‘Jonathon Love <jon@thon.cc>’
No Authors@R field in DESCRIPTION.
Please add one, modifying
Authors@R: c(person(given = "Jonathon",
family = "Love",
role = c("aut", "cre"),
email = "jon@thon.cc"),
person(given = "Patrick",
family = "Mair",
role = "aut"))
as necessary.
Flavors: r-devel-linux-x86_64-debian-clang, r-devel-linux-x86_64-debian-gcc
Version: 1.0.5
Check: dependencies in R code
Result: NOTE
Namespaces in Imports field not imported from:
‘R6’ ‘WRS2’ ‘ggplot2’
All declared Imports should be used.
Flavors: r-devel-linux-x86_64-fedora-clang, r-devel-linux-x86_64-fedora-gcc