Last updated on 2025-04-30 04:50:23 CEST.
Flavor | Version | Tinstall | Tcheck | Ttotal | Status | Flags |
---|---|---|---|---|---|---|
r-devel-linux-x86_64-debian-clang | 1.1.34 | 31.26 | 179.70 | 210.96 | NOTE | |
r-devel-linux-x86_64-debian-gcc | 1.1.34 | 20.29 | 120.67 | 140.96 | NOTE | |
r-devel-linux-x86_64-fedora-clang | 1.1.34 | 333.20 | OK | |||
r-devel-linux-x86_64-fedora-gcc | 1.1.34 | 329.08 | OK | |||
r-devel-windows-x86_64 | 1.1.34 | 35.00 | 248.00 | 283.00 | OK | |
r-patched-linux-x86_64 | 1.1.34 | 31.94 | 168.92 | 200.86 | OK | |
r-release-linux-x86_64 | 1.1.34 | 26.12 | 169.33 | 195.45 | OK | |
r-release-macos-arm64 | 1.1.34 | 156.00 | OK | |||
r-release-macos-x86_64 | 1.1.34 | 224.00 | OK | |||
r-release-windows-x86_64 | 1.1.34 | 35.00 | 251.00 | 286.00 | OK | |
r-oldrel-macos-arm64 | 1.1.34 | 112.00 | NOTE | |||
r-oldrel-macos-x86_64 | 1.1.34 | 236.00 | NOTE | |||
r-oldrel-windows-x86_64 | 1.1.34 | 42.00 | 288.00 | 330.00 | NOTE |
Version: 1.1.34
Check: examples
Result: NOTE
Examples with CPU (user + system) or elapsed time > 5s
user system elapsed
test_coordination 6.721 0.029 9.484
wpd_features 4.655 0.089 6.928
Flavor: r-devel-linux-x86_64-debian-clang
Version: 1.1.34
Check: examples
Result: NOTE
Examples with CPU (user + system) or elapsed time > 5s
user system elapsed
test_coordination 3.744 0.076 5.651
Flavor: r-devel-linux-x86_64-debian-gcc
Version: 1.1.34
Check: installed package size
Result: NOTE
installed size is 8.7Mb
sub-directories of 1Mb or more:
doc 6.6Mb
Flavors: r-oldrel-macos-arm64, r-oldrel-macos-x86_64, r-oldrel-windows-x86_64