CRAN Package Check Results for Package wav

Last updated on 2025-04-30 04:50:23 CEST.

Flavor Version Tinstall Tcheck Ttotal Status Flags
r-devel-linux-x86_64-debian-clang 0.1.0 13.08 25.15 38.23 NOTE
r-devel-linux-x86_64-debian-gcc 0.1.0 9.23 20.29 29.52 NOTE
r-devel-linux-x86_64-fedora-clang 0.1.0 62.24 NOTE
r-devel-linux-x86_64-fedora-gcc 0.1.0 59.46 NOTE
r-devel-windows-x86_64 0.1.0 15.00 62.00 77.00 NOTE
r-patched-linux-x86_64 0.1.0 13.20 23.33 36.53 NOTE
r-release-linux-x86_64 0.1.0 12.67 23.46 36.13 NOTE
r-release-macos-arm64 0.1.0 22.00 NOTE
r-release-macos-x86_64 0.1.0 38.00 NOTE
r-release-windows-x86_64 0.1.0 15.00 65.00 80.00 NOTE
r-oldrel-macos-arm64 0.1.0 22.00 NOTE
r-oldrel-macos-x86_64 0.1.0 51.00 NOTE
r-oldrel-windows-x86_64 0.1.0 16.00 72.00 88.00 NOTE

Check Details

Version: 0.1.0
Check: C++ specification
Result: NOTE Specified C++11: please drop specification unless essential Flavors: r-devel-linux-x86_64-debian-clang, r-devel-linux-x86_64-debian-gcc, r-devel-linux-x86_64-fedora-clang, r-devel-linux-x86_64-fedora-gcc, r-devel-windows-x86_64, r-patched-linux-x86_64, r-release-linux-x86_64, r-release-macos-arm64, r-release-macos-x86_64, r-release-windows-x86_64, r-oldrel-macos-arm64, r-oldrel-macos-x86_64, r-oldrel-windows-x86_64