Last updated on 2025-04-30 04:50:23 CEST.
Flavor | Version | Tinstall | Tcheck | Ttotal | Status | Flags |
---|---|---|---|---|---|---|
r-devel-linux-x86_64-debian-clang | 1.8.5 | 9.86 | 61.33 | 71.19 | NOTE | |
r-devel-linux-x86_64-debian-gcc | 1.8.5 | 7.66 | 44.25 | 51.91 | NOTE | |
r-devel-linux-x86_64-fedora-clang | 1.8.5 | 111.59 | OK | |||
r-devel-linux-x86_64-fedora-gcc | 1.8.5 | 108.52 | OK | |||
r-devel-windows-x86_64 | 1.8.5 | 16.00 | 101.00 | 117.00 | OK | |
r-patched-linux-x86_64 | 1.8.5 | 11.10 | 58.65 | 69.75 | OK | |
r-release-linux-x86_64 | 1.8.5 | 9.57 | 59.49 | 69.06 | OK | |
r-release-macos-arm64 | 1.8.5 | 47.00 | OK | |||
r-release-macos-x86_64 | 1.8.5 | 66.00 | OK | |||
r-release-windows-x86_64 | 1.8.5 | 17.00 | 94.00 | 111.00 | OK | |
r-oldrel-macos-arm64 | 1.8.5 | 34.00 | OK | |||
r-oldrel-macos-x86_64 | 1.8.5 | 71.00 | OK | |||
r-oldrel-windows-x86_64 | 1.8.5 | 18.00 | 105.00 | 123.00 | OK |
Version: 1.8.5
Check: CRAN incoming feasibility
Result: NOTE
Maintainer: ‘Brandon Whitcher <bwhitcher@gmail.com>’
No Authors@R field in DESCRIPTION.
Please add one, modifying
Authors@R: person(given = "Brandon",
family = "Whitcher",
role = c("aut", "cre"),
email = "bwhitcher@gmail.com")
as necessary.
Flavors: r-devel-linux-x86_64-debian-clang, r-devel-linux-x86_64-debian-gcc