Last updated on 2025-04-30 04:50:23 CEST.
Flavor | Version | Tinstall | Tcheck | Ttotal | Status | Flags |
---|---|---|---|---|---|---|
r-devel-linux-x86_64-debian-clang | 1.0.4 | 5.69 | 44.66 | 50.35 | NOTE | |
r-devel-linux-x86_64-debian-gcc | 1.0.4 | 3.66 | 33.56 | 37.22 | NOTE | |
r-devel-linux-x86_64-fedora-clang | 1.0.4 | 77.96 | OK | |||
r-devel-linux-x86_64-fedora-gcc | 1.0.4 | 88.21 | OK | |||
r-devel-windows-x86_64 | 1.0.4 | 9.00 | 73.00 | 82.00 | OK | |
r-patched-linux-x86_64 | 1.0.4 | 5.68 | 41.80 | 47.48 | OK | |
r-release-linux-x86_64 | 1.0.4 | 4.68 | 41.67 | 46.35 | OK | |
r-release-macos-arm64 | 1.0.4 | 33.00 | OK | |||
r-release-macos-x86_64 | 1.0.4 | 59.00 | OK | |||
r-release-windows-x86_64 | 1.0.4 | 9.00 | 71.00 | 80.00 | OK | |
r-oldrel-macos-arm64 | 1.0.4 | 34.00 | OK | |||
r-oldrel-macos-x86_64 | 1.0.4 | 52.00 | OK | |||
r-oldrel-windows-x86_64 | 1.0.4 | 9.00 | 78.00 | 87.00 | OK |
Version: 1.0.4
Check: CRAN incoming feasibility
Result: NOTE
Maintainer: ‘Jesse Piburn <piburnjo@ornl.gov>’
Package CITATION file contains call(s) to old-style personList() or
as.personList(). Please use c() on person objects instead.
Package CITATION file contains call(s) to old-style citEntry(). Please
use bibentry() instead.
Flavors: r-devel-linux-x86_64-debian-clang, r-devel-linux-x86_64-debian-gcc