Last updated on 2025-04-30 04:50:23 CEST.
Flavor | Version | Tinstall | Tcheck | Ttotal | Status | Flags |
---|---|---|---|---|---|---|
r-devel-linux-x86_64-debian-clang | 2.1 | 11.93 | 27.71 | 39.64 | NOTE | |
r-devel-linux-x86_64-debian-gcc | 2.1 | 9.18 | 21.30 | 30.48 | NOTE | |
r-devel-linux-x86_64-fedora-clang | 2.1 | 66.03 | OK | |||
r-devel-linux-x86_64-fedora-gcc | 2.1 | 64.71 | OK | |||
r-devel-windows-x86_64 | 2.1 | 14.00 | 71.00 | 85.00 | OK | |
r-patched-linux-x86_64 | 2.1 | 13.46 | 26.40 | 39.86 | OK | |
r-release-linux-x86_64 | 2.1 | 11.98 | 26.37 | 38.35 | OK | |
r-release-macos-arm64 | 2.1 | 25.00 | OK | |||
r-release-macos-x86_64 | 2.1 | 49.00 | OK | |||
r-release-windows-x86_64 | 2.1 | 14.00 | 71.00 | 85.00 | OK | |
r-oldrel-macos-arm64 | 2.1 | 26.00 | OK | |||
r-oldrel-macos-x86_64 | 2.1 | 36.00 | OK | |||
r-oldrel-windows-x86_64 | 2.1 | 15.00 | 77.00 | 92.00 | OK |
Version: 2.1
Check: CRAN incoming feasibility
Result: NOTE
Maintainer: ‘Karolos Korkas <kkorkas@yahoo.co.uk>’
No Authors@R field in DESCRIPTION.
Please add one, modifying
Authors@R: c(person(given = "Karolos",
family = "Korkas",
role = c("aut", "cre"),
email = "kkorkas@yahoo.co.uk"),
person(given = "Piotr",
family = "Fryzlewicz",
role = "aut"))
as necessary.
Flavors: r-devel-linux-x86_64-debian-clang, r-devel-linux-x86_64-debian-gcc