CRAN Package Check Results for Package wdpar

Last updated on 2025-04-30 04:50:23 CEST.

Flavor Version Tinstall Tcheck Ttotal Status Flags
r-devel-linux-x86_64-debian-clang 1.3.8 4.59 52.72 57.31 OK
r-devel-linux-x86_64-debian-gcc 1.3.8 3.52 40.72 44.24 OK
r-devel-linux-x86_64-fedora-clang 1.3.8 93.15 OK
r-devel-linux-x86_64-fedora-gcc 1.3.8 109.48 OK
r-devel-windows-x86_64 1.3.8 7.00 76.00 83.00 OK
r-patched-linux-x86_64 1.3.8 4.54 49.08 53.62 OK
r-release-linux-x86_64 1.3.8 4.64 49.64 54.28 OK
r-release-macos-arm64 1.3.8 71.00 OK
r-release-macos-x86_64 1.3.8 90.00 OK
r-release-windows-x86_64 1.3.8 7.00 71.00 78.00 OK
r-oldrel-macos-arm64 1.3.8 39.00 NOTE
r-oldrel-macos-x86_64 1.3.8 60.00 NOTE
r-oldrel-windows-x86_64 1.3.8 8.00 80.00 88.00 NOTE

Check Details

Version: 1.3.8
Check: package dependencies
Result: NOTE Package suggested but not available for checking: ‘prepr’ Flavors: r-oldrel-macos-arm64, r-oldrel-macos-x86_64, r-oldrel-windows-x86_64