Last updated on 2025-05-05 04:50:18 CEST.
Flavor | Version | Tinstall | Tcheck | Ttotal | Status | Flags |
---|---|---|---|---|---|---|
r-devel-linux-x86_64-debian-clang | 1.0.5 | 2.61 | 26.02 | 28.63 | NOTE | |
r-devel-linux-x86_64-debian-gcc | 1.0.5 | 1.82 | 20.31 | 22.13 | NOTE | |
r-devel-linux-x86_64-fedora-clang | 1.0.5 | 47.18 | OK | |||
r-devel-linux-x86_64-fedora-gcc | 1.0.5 | 41.98 | OK | |||
r-devel-windows-x86_64 | 1.0.5 | 4.00 | 49.00 | 53.00 | OK | |
r-patched-linux-x86_64 | 1.0.5 | 2.56 | 25.23 | 27.79 | OK | |
r-release-linux-x86_64 | 1.0.5 | 2.55 | 25.06 | 27.61 | OK | |
r-release-macos-arm64 | 1.0.5 | 18.00 | OK | |||
r-release-macos-x86_64 | 1.0.5 | 29.00 | OK | |||
r-release-windows-x86_64 | 1.0.5 | 5.00 | 49.00 | 54.00 | OK | |
r-oldrel-macos-arm64 | 1.0.5 | 18.00 | OK | |||
r-oldrel-macos-x86_64 | 1.0.5 | 26.00 | OK | |||
r-oldrel-windows-x86_64 | 1.0.5 | 5.00 | 55.00 | 60.00 | OK |
Version: 1.0.5
Check: CRAN incoming feasibility
Result: NOTE
Maintainer: ‘Timothy Conwell <timconwell@gmail.com>’
No Authors@R field in DESCRIPTION.
Please add one, modifying
Authors@R: person(given = "Timothy",
family = "Conwell",
role = c("aut", "cre"),
email = "timconwell@gmail.com")
as necessary.
Flavors: r-devel-linux-x86_64-debian-clang, r-devel-linux-x86_64-debian-gcc