Last updated on 2025-02-21 03:52:30 CET.
Flavor | Version | Tinstall | Tcheck | Ttotal | Status | Flags |
---|---|---|---|---|---|---|
r-devel-linux-x86_64-debian-clang | 0.1.5 | 12.47 | 118.84 | 131.31 | OK | |
r-devel-linux-x86_64-debian-gcc | 0.1.5 | 7.96 | 81.43 | 89.39 | OK | |
r-devel-linux-x86_64-fedora-clang | 0.1.5 | 200.52 | NOTE | |||
r-devel-linux-x86_64-fedora-gcc | 0.1.5 | 201.54 | NOTE | |||
r-devel-macos-arm64 | 0.1.5 | 64.00 | OK | |||
r-devel-macos-x86_64 | 0.1.5 | 106.00 | OK | |||
r-devel-windows-x86_64 | 0.1.5 | 13.00 | 121.00 | 134.00 | OK | |
r-patched-linux-x86_64 | 0.1.5 | 10.37 | 109.98 | 120.35 | NOTE | |
r-release-linux-x86_64 | 0.1.5 | 10.92 | 109.47 | 120.39 | NOTE | |
r-release-macos-arm64 | 0.1.5 | 60.00 | NOTE | |||
r-release-macos-x86_64 | 0.1.5 | 89.00 | NOTE | |||
r-release-windows-x86_64 | 0.1.5 | 14.00 | 122.00 | 136.00 | NOTE | |
r-oldrel-macos-arm64 | 0.1.5 | 63.00 | NOTE | |||
r-oldrel-macos-x86_64 | 0.1.5 | 101.00 | NOTE | |||
r-oldrel-windows-x86_64 | 0.1.5 | 18.00 | 141.00 | 159.00 | NOTE |
Version: 0.1.5
Check: dependencies in R code
Result: NOTE
Namespaces in Imports field not imported from:
‘shiny’ ‘tidyselect’
All declared Imports should be used.
Flavors: r-devel-linux-x86_64-fedora-clang, r-devel-linux-x86_64-fedora-gcc
Version: 0.1.5
Check: LazyData
Result: NOTE
'LazyData' is specified without a 'data' directory
Flavors: r-patched-linux-x86_64, r-release-linux-x86_64, r-release-macos-arm64, r-release-macos-x86_64, r-release-windows-x86_64, r-oldrel-macos-arm64, r-oldrel-macos-x86_64, r-oldrel-windows-x86_64