Last updated on 2025-04-30 04:50:23 CEST.
Flavor | Version | Tinstall | Tcheck | Ttotal | Status | Flags |
---|---|---|---|---|---|---|
r-devel-linux-x86_64-debian-clang | 1.0.2 | 12.86 | 102.59 | 115.45 | NOTE | |
r-devel-linux-x86_64-debian-gcc | 1.0.2 | 10.37 | 78.02 | 88.39 | OK | |
r-devel-linux-x86_64-fedora-clang | 1.0.2 | 177.52 | OK | |||
r-devel-linux-x86_64-fedora-gcc | 1.0.2 | 171.09 | OK | |||
r-devel-windows-x86_64 | 1.0.2 | 13.00 | 110.00 | 123.00 | OK | |
r-patched-linux-x86_64 | 1.0.2 | 13.18 | 97.24 | 110.42 | OK | |
r-release-linux-x86_64 | 1.0.2 | 13.50 | 97.33 | 110.83 | OK | |
r-release-macos-arm64 | 1.0.2 | 75.00 | OK | |||
r-release-macos-x86_64 | 1.0.2 | 118.00 | OK | |||
r-release-windows-x86_64 | 1.0.2 | 15.00 | 109.00 | 124.00 | OK | |
r-oldrel-macos-arm64 | 1.0.2 | 81.00 | OK | |||
r-oldrel-macos-x86_64 | 1.0.2 | 110.00 | OK | |||
r-oldrel-windows-x86_64 | 1.0.2 | 14.00 | 126.00 | 140.00 | OK |
Version: 1.0.2
Check: examples
Result: NOTE
Examples with CPU (user + system) or elapsed time > 5s
user system elapsed
hdrplot 4.33 0.29 6.6
Flavor: r-devel-linux-x86_64-debian-clang