Last updated on 2025-04-30 04:50:23 CEST.
Flavor | Version | Tinstall | Tcheck | Ttotal | Status | Flags |
---|---|---|---|---|---|---|
r-devel-linux-x86_64-debian-clang | 0.6.2 | 5.42 | 55.66 | 61.08 | NOTE | |
r-devel-linux-x86_64-debian-gcc | 0.6.2 | 3.94 | 38.61 | 42.55 | NOTE | |
r-devel-linux-x86_64-fedora-clang | 0.6.2 | 86.62 | OK | |||
r-devel-linux-x86_64-fedora-gcc | 0.6.2 | 81.58 | OK | |||
r-devel-windows-x86_64 | 0.6.2 | 8.00 | 80.00 | 88.00 | OK | |
r-patched-linux-x86_64 | 0.6.2 | 5.62 | 51.87 | 57.49 | OK | |
r-release-linux-x86_64 | 0.6.2 | 5.13 | 51.37 | 56.50 | OK | |
r-release-macos-arm64 | 0.6.2 | 33.00 | OK | |||
r-release-macos-x86_64 | 0.6.2 | 56.00 | OK | |||
r-release-windows-x86_64 | 0.6.2 | 9.00 | 78.00 | 87.00 | OK | |
r-oldrel-macos-arm64 | 0.6.2 | 31.00 | OK | |||
r-oldrel-macos-x86_64 | 0.6.2 | 47.00 | OK | |||
r-oldrel-windows-x86_64 | 0.6.2 | 8.00 | 86.00 | 94.00 | OK |
Version: 0.6.2
Check: CRAN incoming feasibility
Result: NOTE
Maintainer: ‘Marco Colombo <mar.colombo13@gmail.com>’
Package CITATION file contains call(s) to old-style citEntry(). Please
use bibentry() instead.
Flavors: r-devel-linux-x86_64-debian-clang, r-devel-linux-x86_64-debian-gcc