CRAN Package Check Results for Package wfg

Last updated on 2025-04-30 04:50:23 CEST.

Flavor Version Tinstall Tcheck Ttotal Status Flags
r-devel-linux-x86_64-debian-clang 0.1 2.81 26.92 29.73 NOTE
r-devel-linux-x86_64-debian-gcc 0.1 1.98 20.73 22.71 NOTE
r-devel-linux-x86_64-fedora-clang 0.1 45.90 OK
r-devel-linux-x86_64-fedora-gcc 0.1 44.30 OK
r-devel-windows-x86_64 0.1 4.00 48.00 52.00 OK
r-patched-linux-x86_64 0.1 2.22 25.78 28.00 OK
r-release-linux-x86_64 0.1 1.88 25.88 27.76 OK
r-release-macos-arm64 0.1 20.00 OK
r-release-macos-x86_64 0.1 31.00 OK
r-release-windows-x86_64 0.1 4.00 46.00 50.00 OK
r-oldrel-macos-arm64 0.1 19.00 OK
r-oldrel-macos-x86_64 0.1 26.00 OK
r-oldrel-windows-x86_64 0.1 5.00 50.00 55.00 OK

Check Details

Version: 0.1
Check: CRAN incoming feasibility
Result: NOTE Maintainer: ‘Han Yu <hyu9@buffalo.edu>’ No Authors@R field in DESCRIPTION. Please add one, modifying Authors@R: c(person(given = "Han", family = "Yu", role = c("aut", "cre"), email = "hyu9@buffalo.edu"), person(given = c("Rachael", "Hageman"), family = "Blair", role = "aut")) as necessary. Flavors: r-devel-linux-x86_64-debian-clang, r-devel-linux-x86_64-debian-gcc