CRAN Package Check Results for Package whisker

Last updated on 2025-04-30 04:50:23 CEST.

Flavor Version Tinstall Tcheck Ttotal Status Flags
r-devel-linux-x86_64-debian-clang 0.4.1 1.71 18.04 19.75 NOTE
r-devel-linux-x86_64-debian-gcc 0.4.1 1.49 14.56 16.05 NOTE
r-devel-linux-x86_64-fedora-clang 0.4.1 31.73 OK
r-devel-linux-x86_64-fedora-gcc 0.4.1 29.80 OK
r-devel-windows-x86_64 0.4.1 2.00 42.00 44.00 OK
r-patched-linux-x86_64 0.4.1 1.86 17.27 19.13 OK
r-release-linux-x86_64 0.4.1 1.64 17.39 19.03 OK
r-release-macos-arm64 0.4.1 15.00 OK
r-release-macos-x86_64 0.4.1 24.00 OK
r-release-windows-x86_64 0.4.1 4.00 43.00 47.00 OK
r-oldrel-macos-arm64 0.4.1 19.00 OK
r-oldrel-macos-x86_64 0.4.1 21.00 OK
r-oldrel-windows-x86_64 0.4.1 4.00 41.00 45.00 OK

Check Details

Version: 0.4.1
Check: CRAN incoming feasibility
Result: NOTE Maintainer: ‘Edwin de Jonge <edwindjonge@gmail.com>’ No Authors@R field in DESCRIPTION. Please add one, modifying Authors@R: person(given = "Edwin", family = "de Jonge", role = c("aut", "cre"), email = "edwindjonge@gmail.com") as necessary. Flavors: r-devel-linux-x86_64-debian-clang, r-devel-linux-x86_64-debian-gcc