Last updated on 2025-04-30 04:50:23 CEST.
Flavor | Version | Tinstall | Tcheck | Ttotal | Status | Flags |
---|---|---|---|---|---|---|
r-devel-linux-x86_64-debian-clang | 0.0.1 | 1.48 | 29.61 | 31.09 | NOTE | |
r-devel-linux-x86_64-debian-gcc | 0.0.1 | 1.33 | 22.53 | 23.86 | NOTE | |
r-devel-linux-x86_64-fedora-clang | 0.0.1 | 46.72 | OK | |||
r-devel-linux-x86_64-fedora-gcc | 0.0.1 | 44.95 | OK | |||
r-devel-windows-x86_64 | 0.0.1 | 2.00 | 52.00 | 54.00 | OK | |
r-patched-linux-x86_64 | 0.0.1 | 1.65 | 27.21 | 28.86 | OK | |
r-release-linux-x86_64 | 0.0.1 | 1.63 | 27.31 | 28.94 | OK | |
r-release-macos-arm64 | 0.0.1 | 19.00 | OK | |||
r-release-macos-x86_64 | 0.0.1 | 32.00 | OK | |||
r-release-windows-x86_64 | 0.0.1 | 2.00 | 49.00 | 51.00 | OK | |
r-oldrel-macos-arm64 | 0.0.1 | 19.00 | NOTE | |||
r-oldrel-macos-x86_64 | 0.0.1 | 27.00 | NOTE | |||
r-oldrel-windows-x86_64 | 0.0.1 | 3.00 | 54.00 | 57.00 | NOTE |
Version: 0.0.1
Check: CRAN incoming feasibility
Result: NOTE
Maintainer: ‘Jorge Lopez Perez <jorge@loperez.com>’
Package CITATION file contains call(s) to old-style citEntry(). Please
use bibentry() instead.
Flavors: r-devel-linux-x86_64-debian-clang, r-devel-linux-x86_64-debian-gcc
Version: 0.0.1
Check: examples
Result: NOTE
Examples with CPU (user + system) or elapsed time > 5s
user system elapsed
white_test_boot 3.978 0.052 5.189
Flavor: r-devel-linux-x86_64-debian-clang
Version: 0.0.1
Check: LazyData
Result: NOTE
'LazyData' is specified without a 'data' directory
Flavors: r-oldrel-macos-arm64, r-oldrel-macos-x86_64, r-oldrel-windows-x86_64