CRAN Package Check Results for Package widyr

Last updated on 2025-04-30 04:50:23 CEST.

Flavor Version Tinstall Tcheck Ttotal Status Flags
r-devel-linux-x86_64-debian-clang 0.1.5 9.50 109.74 119.24 NOTE
r-devel-linux-x86_64-debian-gcc 0.1.5 6.46 77.85 84.31 OK
r-devel-linux-x86_64-fedora-clang 0.1.5 180.09 OK
r-devel-linux-x86_64-fedora-gcc 0.1.5 187.61 OK
r-devel-windows-x86_64 0.1.5 11.00 127.00 138.00 OK
r-patched-linux-x86_64 0.1.5 9.21 102.66 111.87 OK
r-release-linux-x86_64 0.1.5 8.25 103.02 111.27 OK
r-release-macos-arm64 0.1.5 56.00 OK
r-release-macos-x86_64 0.1.5 127.00 OK
r-release-windows-x86_64 0.1.5 11.00 127.00 138.00 OK
r-oldrel-macos-arm64 0.1.5 57.00 OK
r-oldrel-macos-x86_64 0.1.5 110.00 OK
r-oldrel-windows-x86_64 0.1.5 12.00 152.00 164.00 OK

Check Details

Version: 0.1.5
Check: examples
Result: NOTE Examples with CPU (user + system) or elapsed time > 5s user system elapsed pairwise_delta 4.64 0.268 5.868 Flavor: r-devel-linux-x86_64-debian-clang