CRAN Package Check Results for Package windsoraiR

Last updated on 2025-04-30 04:50:23 CEST.

Flavor Version Tinstall Tcheck Ttotal Status Flags
r-devel-linux-x86_64-debian-clang 0.1.2 1.59 26.55 28.14 NOTE
r-devel-linux-x86_64-debian-gcc 0.1.2 1.33 21.52 22.85 NOTE
r-devel-linux-x86_64-fedora-clang 0.1.2 42.87 OK
r-devel-linux-x86_64-fedora-gcc 0.1.2 54.29 OK
r-devel-windows-x86_64 0.1.2 2.00 49.00 51.00 OK
r-patched-linux-x86_64 0.1.2 1.67 24.20 25.87 OK
r-release-linux-x86_64 0.1.2 1.52 24.32 25.84 OK
r-release-macos-arm64 0.1.2 25.00 OK
r-release-macos-x86_64 0.1.2 44.00 OK
r-release-windows-x86_64 0.1.2 3.00 47.00 50.00 OK
r-oldrel-macos-arm64 0.1.2 25.00 OK
r-oldrel-macos-x86_64 0.1.2 36.00 OK
r-oldrel-windows-x86_64 0.1.2 3.00 50.00 53.00 OK

Check Details

Version: 0.1.2
Check: CRAN incoming feasibility
Result: NOTE Maintainer: ‘Novica Nakov <nnovica@gmail.com>’ The BugReports field in DESCRIPTION has https://github.com/windsor-ai/windsoraiR/ which should likely be https://github.com/windsor-ai/windsoraiR/issues instead. Flavors: r-devel-linux-x86_64-debian-clang, r-devel-linux-x86_64-debian-gcc