Last updated on 2025-04-30 04:50:23 CEST.
Flavor | Version | Tinstall | Tcheck | Ttotal | Status | Flags |
---|---|---|---|---|---|---|
r-devel-linux-x86_64-debian-clang | 0.3.3 | 9.40 | 86.75 | 96.15 | NOTE | |
r-devel-linux-x86_64-debian-gcc | 0.3.3 | 5.30 | 57.26 | 62.56 | NOTE | |
r-devel-linux-x86_64-fedora-clang | 0.3.3 | 153.65 | OK | |||
r-devel-linux-x86_64-fedora-gcc | 0.3.3 | 144.64 | OK | |||
r-devel-windows-x86_64 | 0.3.3 | 11.00 | 0.00 | 11.00 | FAIL | |
r-patched-linux-x86_64 | 0.3.3 | 10.99 | 82.96 | 93.95 | NOTE | |
r-release-linux-x86_64 | 0.3.3 | 8.82 | 81.96 | 90.78 | NOTE | |
r-release-macos-arm64 | 0.3.3 | 42.00 | OK | |||
r-release-macos-x86_64 | 0.3.3 | 99.00 | OK | |||
r-release-windows-x86_64 | 0.3.3 | 11.00 | 108.00 | 119.00 | NOTE | |
r-oldrel-macos-arm64 | 0.3.3 | 40.00 | OK | |||
r-oldrel-macos-x86_64 | 0.3.3 | 73.00 | OK | |||
r-oldrel-windows-x86_64 | 0.3.3 | 13.00 | 128.00 | 141.00 | OK |
Version: 0.3.3
Check: Rd cross-references
Result: NOTE
Found the following Rd file(s) with Rd \link{} targets missing package
anchors:
plotComb.Rd: hdi
plot_Bwiqid.Rd: postPlot
Please provide package anchors for all Rd \link{} targets not in the
package itself and the base packages.
Flavors: r-devel-linux-x86_64-debian-clang, r-devel-linux-x86_64-debian-gcc, r-devel-windows-x86_64, r-patched-linux-x86_64, r-release-linux-x86_64, r-release-windows-x86_64
Version: 0.3.3
Check: PDF version of manual
Result: FAIL
Check process probably crashed or hung up for 20 minutes ... killed
Most likely this happened in the example checks (?),
if not, ignore the following last lines of example output:
[1] 0.8835312 0.5715957 0.7103261 0.5760925 0.9139820
$bHat
[1] 0.39707492 0.36935123 0.19969367 0.09774086 1.06919153
$pStarHat
[1] 0.9780133 0.9146251 0.8383444 0.9333151 0.9892469 0.9399670
$Nhat
[1] 66.29827 84.90197 79.88825 72.69989 48.98761 97.15094
>
>
>
>
> ### * <FOOTER>
> ###
> cleanEx()
> options(digits = 7L)
> base::cat("Time elapsed: ", proc.time() - base::get("ptime", pos = 'CheckExEnv'),"\n")
Time elapsed: 16.11 1.19 18.68 NA NA
> grDevices::dev.off()
null device
1
> ###
> ### Local variables: ***
> ### mode: outline-minor ***
> ### outline-regexp: "\\(> \\)?### [*]+" ***
> ### End: ***
> quit('no')
======== End of example output (where/before crash/hang up occured ?) ========
Flavor: r-devel-windows-x86_64