Last updated on 2025-04-30 04:50:23 CEST.
Flavor | Version | Tinstall | Tcheck | Ttotal | Status | Flags |
---|---|---|---|---|---|---|
r-devel-linux-x86_64-debian-clang | 1.0.5 | 167.63 | 216.14 | 383.77 | NOTE | |
r-devel-linux-x86_64-debian-gcc | 1.0.5 | 115.62 | 132.82 | 248.44 | NOTE | |
r-devel-linux-x86_64-fedora-clang | 1.0.5 | 672.77 | OK | |||
r-devel-linux-x86_64-fedora-gcc | 1.0.5 | 651.86 | OK | |||
r-devel-windows-x86_64 | 1.0.5 | 183.00 | 204.00 | 387.00 | OK | |
r-patched-linux-x86_64 | 1.0.5 | 160.21 | 198.31 | 358.52 | OK | |
r-release-linux-x86_64 | 1.0.5 | 165.61 | 196.59 | 362.20 | OK | |
r-release-macos-arm64 | 1.0.5 | 196.00 | OK | |||
r-release-macos-x86_64 | 1.0.5 | 274.00 | OK | |||
r-release-windows-x86_64 | 1.0.5 | 189.00 | 214.00 | 403.00 | OK | |
r-oldrel-macos-arm64 | 1.0.5 | 181.00 | NOTE | |||
r-oldrel-macos-x86_64 | 1.0.5 | 213.00 | NOTE | |||
r-oldrel-windows-x86_64 | 1.0.5 | 207.00 | 329.00 | 536.00 | OK |
Version: 1.0.5
Check: CRAN incoming feasibility
Result: NOTE
Maintainer: ‘Samuel I. Berchuck <sib2@duke.edu>’
The Description field contains
Berchuck et al (2018), <arXiv:1805.11636>. The paper is in press at the
Please refer to arXiv e-prints via their arXiv DOI <doi:10.48550/arXiv.YYMM.NNNNN>.
Flavors: r-devel-linux-x86_64-debian-clang, r-devel-linux-x86_64-debian-gcc
Version: 1.0.5
Check: installed package size
Result: NOTE
installed size is 8.7Mb
sub-directories of 1Mb or more:
libs 7.9Mb
Flavors: r-oldrel-macos-arm64, r-oldrel-macos-x86_64