CRAN Package Check Results for Package wooldridge

Last updated on 2025-04-30 04:50:23 CEST.

Flavor Version Tinstall Tcheck Ttotal Status Flags
r-devel-linux-x86_64-debian-clang 1.4-4 15.63 58.90 74.53 OK
r-devel-linux-x86_64-debian-gcc 1.4-4 12.76 42.88 55.64 OK
r-devel-linux-x86_64-fedora-clang 1.4-4 115.65 OK
r-devel-linux-x86_64-fedora-gcc 1.4-4 127.58 OK
r-devel-windows-x86_64 1.4-4 18.00 108.00 126.00 OK
r-patched-linux-x86_64 1.4-4 19.79 54.98 74.77 OK
r-release-linux-x86_64 1.4-4 15.74 54.81 70.55 OK
r-release-macos-arm64 1.4-4 51.00 OK
r-release-macos-x86_64 1.4-4 88.00 OK
r-release-windows-x86_64 1.4-4 19.00 112.00 131.00 OK
r-oldrel-macos-arm64 1.4-4 47.00 NOTE
r-oldrel-macos-x86_64 1.4-4 102.00 NOTE
r-oldrel-windows-x86_64 1.4-4 19.00 115.00 134.00 OK

Check Details

Version: 1.4-4
Check: installed package size
Result: NOTE installed size is 5.2Mb sub-directories of 1Mb or more: data 4.5Mb Flavors: r-oldrel-macos-arm64, r-oldrel-macos-x86_64