Last updated on 2025-04-30 04:50:23 CEST.
Flavor | Version | Tinstall | Tcheck | Ttotal | Status | Flags |
---|---|---|---|---|---|---|
r-devel-linux-x86_64-debian-clang | 0.4.0 | 75.23 | 41.49 | 116.72 | NOTE | |
r-devel-linux-x86_64-debian-gcc | 0.4.0 | 57.61 | 30.91 | 88.52 | NOTE | |
r-devel-linux-x86_64-fedora-clang | 0.4.0 | 222.66 | NOTE | |||
r-devel-linux-x86_64-fedora-gcc | 0.4.0 | 219.87 | NOTE | |||
r-devel-windows-x86_64 | 0.4.0 | 88.00 | 81.00 | 169.00 | NOTE | |
r-patched-linux-x86_64 | 0.4.0 | 81.07 | 38.36 | 119.43 | NOTE | |
r-release-linux-x86_64 | 0.4.0 | 80.52 | 38.48 | 119.00 | NOTE | |
r-release-macos-arm64 | 0.4.0 | 55.00 | NOTE | |||
r-release-macos-x86_64 | 0.4.0 | 66.00 | NOTE | |||
r-release-windows-x86_64 | 0.4.0 | 88.00 | 84.00 | 172.00 | NOTE | |
r-oldrel-macos-arm64 | 0.4.0 | 53.00 | NOTE | |||
r-oldrel-macos-x86_64 | 0.4.0 | 62.00 | NOTE | |||
r-oldrel-windows-x86_64 | 0.4.0 | 91.00 | 93.00 | 184.00 | NOTE |
Version: 0.4.0
Check: CRAN incoming feasibility
Result: NOTE
Maintainer: ‘Jan Wijffels <jwijffels@bnosac.be>’
The Description field contains
at <arXiv:1310.4546>.
Please refer to arXiv e-prints via their arXiv DOI <doi:10.48550/arXiv.YYMM.NNNNN>.
Flavors: r-devel-linux-x86_64-debian-clang, r-devel-linux-x86_64-debian-gcc
Version: 0.4.0
Check: Rd files
Result: NOTE
checkRd: (-1) word2vec_similarity.Rd:30: Lost braces in \itemize; meant \describe ?
checkRd: (-1) word2vec_similarity.Rd:31: Lost braces in \itemize; meant \describe ?
Flavors: r-devel-linux-x86_64-debian-clang, r-devel-linux-x86_64-debian-gcc, r-devel-linux-x86_64-fedora-clang, r-devel-linux-x86_64-fedora-gcc, r-devel-windows-x86_64, r-patched-linux-x86_64, r-release-linux-x86_64, r-release-macos-arm64, r-release-macos-x86_64, r-release-windows-x86_64, r-oldrel-macos-arm64, r-oldrel-macos-x86_64, r-oldrel-windows-x86_64
Version: 0.4.0
Check: examples
Result: NOTE
Examples with CPU (user + system) or elapsed time > 5s
user system elapsed
word2vec 6.728 0.48 8.125
Flavor: r-devel-linux-x86_64-debian-clang
Version: 0.4.0
Check: examples
Result: NOTE
Examples with CPU (user + system) or elapsed time > 5s
user system elapsed
word2vec 4.989 0.375 8.043
Flavor: r-devel-linux-x86_64-debian-gcc
Version: 0.4.0
Check: installed package size
Result: NOTE
installed size is 5.4Mb
sub-directories of 1Mb or more:
libs 5.0Mb
Flavors: r-oldrel-macos-arm64, r-oldrel-macos-x86_64