Last updated on 2025-04-30 04:50:23 CEST.
Flavor | Version | Tinstall | Tcheck | Ttotal | Status | Flags |
---|---|---|---|---|---|---|
r-devel-linux-x86_64-debian-clang | 2.6 | 10.96 | 29.67 | 40.63 | NOTE | |
r-devel-linux-x86_64-debian-gcc | 2.6 | 8.24 | 23.31 | 31.55 | NOTE | |
r-devel-linux-x86_64-fedora-clang | 2.6 | 66.90 | OK | |||
r-devel-linux-x86_64-fedora-gcc | 2.6 | 62.94 | OK | |||
r-devel-windows-x86_64 | 2.6 | 16.00 | 68.00 | 84.00 | OK | |
r-patched-linux-x86_64 | 2.6 | 9.26 | 27.67 | 36.93 | OK | |
r-release-linux-x86_64 | 2.6 | 9.02 | 27.25 | 36.27 | OK | |
r-release-macos-arm64 | 2.6 | 27.00 | OK | |||
r-release-macos-x86_64 | 2.6 | 43.00 | OK | |||
r-release-windows-x86_64 | 2.6 | 16.00 | 69.00 | 85.00 | OK | |
r-oldrel-macos-arm64 | 2.6 | 30.00 | OK | |||
r-oldrel-macos-x86_64 | 2.6 | 35.00 | OK | |||
r-oldrel-windows-x86_64 | 2.6 | 18.00 | 76.00 | 94.00 | OK |
Version: 2.6
Check: CRAN incoming feasibility
Result: NOTE
Maintainer: ‘Ian Fellows <ian@fellstat.com>’
No Authors@R field in DESCRIPTION.
Please add one, modifying
Authors@R: person(given = "Ian",
family = "Fellows",
role = c("aut", "cre"),
email = "ian@fellstat.com")
as necessary.
Flavors: r-devel-linux-x86_64-debian-clang, r-devel-linux-x86_64-debian-gcc