Last updated on 2025-04-30 04:50:23 CEST.
Flavor | Version | Tinstall | Tcheck | Ttotal | Status | Flags |
---|---|---|---|---|---|---|
r-devel-linux-x86_64-debian-clang | 0.2-8 | 25.29 | 109.48 | 134.77 | NOTE | |
r-devel-linux-x86_64-debian-gcc | 0.2-8 | 20.90 | 79.82 | 100.72 | NOTE | |
r-devel-linux-x86_64-fedora-clang | 0.2-8 | 216.88 | OK | |||
r-devel-linux-x86_64-fedora-gcc | 0.2-8 | 231.91 | OK | |||
r-devel-windows-x86_64 | 0.2-8 | 34.00 | 155.00 | 189.00 | NOTE | |
r-patched-linux-x86_64 | 0.2-8 | 30.31 | 106.46 | 136.77 | NOTE | |
r-release-linux-x86_64 | 0.2-8 | 28.89 | 105.28 | 134.17 | NOTE | |
r-release-macos-arm64 | 0.2-8 | 86.00 | OK | |||
r-release-macos-x86_64 | 0.2-8 | 147.00 | OK | |||
r-release-windows-x86_64 | 0.2-8 | 33.00 | 159.00 | 192.00 | NOTE | |
r-oldrel-macos-arm64 | 0.2-8 | 70.00 | OK | |||
r-oldrel-macos-x86_64 | 0.2-8 | 119.00 | OK | |||
r-oldrel-windows-x86_64 | 0.2-8 | 39.00 | 183.00 | 222.00 | OK |
Version: 0.2-8
Check: Rd cross-references
Result: NOTE
Found the following Rd file(s) with Rd \link{} targets missing package
anchors:
DSM_TermContextMatrix.Rd: dgCMatrix-class
as_distmat.Rd: sparseMatrix
dsm.Rd: sparseMatrix-class, dMatrix-class
dsm_canonical_matrix.Rd: dgTMatrix-class, dgCMatrix-class,
denseMatrix-class
dsm_projection.Rd: sparsesvd
rsvd.Rd: sparsesvd
signcount.Rd: Matrix, dgeMatrix-class, dgCMatrix-class,
dgRMatrix-class
Please provide package anchors for all Rd \link{} targets not in the
package itself and the base packages.
Flavors: r-devel-linux-x86_64-debian-clang, r-devel-linux-x86_64-debian-gcc, r-devel-windows-x86_64, r-patched-linux-x86_64, r-release-linux-x86_64, r-release-windows-x86_64