Last updated on 2025-04-30 04:50:23 CEST.
Flavor | Version | Tinstall | Tcheck | Ttotal | Status | Flags |
---|---|---|---|---|---|---|
r-devel-linux-x86_64-debian-clang | 0.1.0 | 5.78 | 63.06 | 68.84 | NOTE | |
r-devel-linux-x86_64-debian-gcc | 0.1.0 | 3.96 | 44.71 | 48.67 | OK | |
r-devel-linux-x86_64-fedora-clang | 0.1.0 | 97.59 | OK | |||
r-devel-linux-x86_64-fedora-gcc | 0.1.0 | 105.84 | OK | |||
r-devel-windows-x86_64 | 0.1.0 | 9.00 | 77.00 | 86.00 | OK | |
r-patched-linux-x86_64 | 0.1.0 | 6.10 | 58.74 | 64.84 | OK | |
r-release-linux-x86_64 | 0.1.0 | 5.62 | 58.08 | 63.70 | OK | |
r-release-macos-arm64 | 0.1.0 | 36.00 | OK | |||
r-release-macos-x86_64 | 0.1.0 | 70.00 | OK | |||
r-release-windows-x86_64 | 0.1.0 | 10.00 | 78.00 | 88.00 | OK | |
r-oldrel-macos-arm64 | 0.1.0 | 34.00 | OK | |||
r-oldrel-macos-x86_64 | 0.1.0 | 66.00 | OK | |||
r-oldrel-windows-x86_64 | 0.1.0 | 9.00 | 94.00 | 103.00 | OK |
Version: 0.1.0
Check: examples
Result: NOTE
Examples with CPU (user + system) or elapsed time > 5s
user system elapsed
wordsearch 4.862 0.055 6.116
Flavor: r-devel-linux-x86_64-debian-clang