Last updated on 2025-04-30 04:50:23 CEST.
Flavor | Version | Tinstall | Tcheck | Ttotal | Status | Flags |
---|---|---|---|---|---|---|
r-devel-linux-x86_64-debian-clang | 1.9.1 | 25.29 | 347.97 | 373.26 | NOTE | |
r-devel-linux-x86_64-debian-gcc | 1.9.1 | 17.51 | 212.77 | 230.28 | OK | |
r-devel-linux-x86_64-fedora-clang | 1.9.1 | 593.32 | OK | |||
r-devel-linux-x86_64-fedora-gcc | 1.9.1 | 539.04 | OK | |||
r-devel-windows-x86_64 | 1.9.1 | 26.00 | 397.00 | 423.00 | OK | |
r-patched-linux-x86_64 | 1.9.1 | 36.26 | 330.11 | 366.37 | OK | |
r-release-linux-x86_64 | 1.9.1 | 24.17 | 329.81 | 353.98 | OK | |
r-release-macos-arm64 | 1.9.1 | 152.00 | OK | |||
r-release-macos-x86_64 | 1.9.1 | 316.00 | OK | |||
r-release-windows-x86_64 | 1.9.1 | 27.00 | 393.00 | 420.00 | OK | |
r-oldrel-macos-arm64 | 1.9.1 | 141.00 | OK | |||
r-oldrel-macos-x86_64 | 1.9.1 | 376.00 | OK | |||
r-oldrel-windows-x86_64 | 1.9.1 | 36.00 | 487.00 | 523.00 | OK |
Version: 1.9.1
Check: examples
Result: NOTE
Examples with CPU (user + system) or elapsed time > 5s
user system elapsed
meeting_rank 3.098 0.008 5.192
Flavor: r-devel-linux-x86_64-debian-clang