Last updated on 2025-04-30 04:50:23 CEST.
Flavor | Version | Tinstall | Tcheck | Ttotal | Status | Flags |
---|---|---|---|---|---|---|
r-devel-linux-x86_64-debian-clang | 1.1-3 | 2.55 | 40.97 | 43.52 | OK | |
r-devel-linux-x86_64-debian-gcc | 1.1-3 | 1.99 | 32.20 | 34.19 | OK | |
r-devel-linux-x86_64-fedora-clang | 1.1-3 | 60.99 | OK | |||
r-devel-linux-x86_64-fedora-gcc | 1.1-3 | 59.45 | OK | |||
r-devel-windows-x86_64 | 1.1-3 | 6.00 | 74.00 | 80.00 | OK | |
r-patched-linux-x86_64 | 1.1-3 | 2.77 | 39.43 | 42.20 | OK | |
r-release-linux-x86_64 | 1.1-3 | 2.36 | 39.47 | 41.83 | OK | |
r-release-macos-arm64 | 1.1-3 | 30.00 | OK | |||
r-release-macos-x86_64 | 1.1-3 | 45.00 | OK | |||
r-release-windows-x86_64 | 1.1-3 | 6.00 | 71.00 | 77.00 | OK | |
r-oldrel-macos-arm64 | 1.1-3 | 35.00 | NOTE | |||
r-oldrel-macos-x86_64 | 1.1-3 | 42.00 | NOTE | |||
r-oldrel-windows-x86_64 | 1.1-3 | 7.00 | 69.00 | 76.00 | NOTE |
Version: 1.1-3
Check: installed package size
Result: NOTE
installed size is 11.3Mb
sub-directories of 1Mb or more:
data 11.2Mb
Flavors: r-oldrel-macos-arm64, r-oldrel-macos-x86_64, r-oldrel-windows-x86_64