Last updated on 2025-04-30 04:50:23 CEST.
Flavor | Version | Tinstall | Tcheck | Ttotal | Status | Flags |
---|---|---|---|---|---|---|
r-devel-linux-x86_64-debian-clang | 1.5.0 | 7.65 | 340.82 | 348.47 | NOTE | |
r-devel-linux-x86_64-debian-gcc | 1.5.0 | 5.72 | 260.48 | 266.20 | NOTE | |
r-devel-linux-x86_64-fedora-clang | 1.5.0 | 552.20 | OK | |||
r-devel-linux-x86_64-fedora-gcc | 1.5.0 | 677.82 | OK | |||
r-devel-windows-x86_64 | 1.5.0 | 9.00 | 389.00 | 398.00 | OK | |
r-patched-linux-x86_64 | 1.5.0 | 7.96 | 405.37 | 413.33 | OK | |
r-release-linux-x86_64 | 1.5.0 | 6.78 | 406.91 | 413.69 | OK | |
r-release-macos-arm64 | 1.5.0 | 255.00 | OK | |||
r-release-macos-x86_64 | 1.5.0 | 525.00 | OK | |||
r-release-windows-x86_64 | 1.5.0 | 11.00 | 387.00 | 398.00 | OK | |
r-oldrel-macos-arm64 | 1.5.0 | 253.00 | OK | |||
r-oldrel-macos-x86_64 | 1.5.0 | 539.00 | OK | |||
r-oldrel-windows-x86_64 | 1.5.0 | 12.00 | 534.00 | 546.00 | OK |
Version: 1.5.0
Check: examples
Result: NOTE
Examples with CPU (user + system) or elapsed time > 5s
user system elapsed
show_prddoy 4.479 0.028 5.572
anlz_backtrans 3.893 0.200 5.423
anlz_gam 3.731 0.047 5.002
Flavor: r-devel-linux-x86_64-debian-clang
Version: 1.5.0
Check: examples
Result: NOTE
Examples with CPU (user + system) or elapsed time > 5s
user system elapsed
show_prddoy 4.523 0.083 5.076
show_perchg 4.101 0.019 5.092
anlz_backtrans 3.977 0.062 5.146
Flavor: r-devel-linux-x86_64-debian-gcc