Last updated on 2025-04-30 04:50:23 CEST.
Flavor | Version | Tinstall | Tcheck | Ttotal | Status | Flags |
---|---|---|---|---|---|---|
r-devel-linux-x86_64-debian-clang | 1.13.1 | 21.49 | 280.69 | 302.18 | OK | |
r-devel-linux-x86_64-debian-gcc | 1.13.1 | 13.56 | 189.69 | 203.25 | OK | |
r-devel-linux-x86_64-fedora-clang | 1.13.1 | 466.96 | OK | |||
r-devel-linux-x86_64-fedora-gcc | 1.13.1 | 439.16 | OK | |||
r-devel-windows-x86_64 | 1.13.1 | 22.00 | 226.00 | 248.00 | OK | |
r-patched-linux-x86_64 | 1.13.1 | 20.73 | 268.27 | 289.00 | OK | |
r-release-linux-x86_64 | 1.13.1 | 18.23 | 272.78 | 291.01 | OK | |
r-release-macos-arm64 | 1.13.1 | 93.00 | OK | |||
r-release-macos-x86_64 | 1.13.1 | 199.00 | OK | |||
r-release-windows-x86_64 | 1.13.1 | 21.00 | 226.00 | 247.00 | OK | |
r-oldrel-macos-arm64 | 1.13.1 | 95.00 | NOTE | |||
r-oldrel-macos-x86_64 | 1.13.1 | 194.00 | NOTE | |||
r-oldrel-windows-x86_64 | 1.13.1 | 28.00 | 269.00 | 297.00 | NOTE |
Version: 1.13.1
Check: installed package size
Result: NOTE
installed size is 7.0Mb
sub-directories of 1Mb or more:
doc 3.3Mb
extdata 2.5Mb
Flavors: r-oldrel-macos-arm64, r-oldrel-macos-x86_64, r-oldrel-windows-x86_64