CRAN Package Check Results for Package wrswoR

Last updated on 2025-04-30 04:50:23 CEST.

Flavor Version Tinstall Tcheck Ttotal Status Flags
r-devel-linux-x86_64-debian-clang 1.1.1 12.29 28.64 40.93 OK
r-devel-linux-x86_64-debian-gcc 1.1.1 8.95 22.60 31.55 OK
r-devel-linux-x86_64-fedora-clang 1.1.1 75.06 OK
r-devel-linux-x86_64-fedora-gcc 1.1.1 65.58 OK
r-devel-windows-x86_64 1.1.1 15.00 70.00 85.00 OK
r-patched-linux-x86_64 1.1.1 12.15 26.71 38.86 OK
r-release-linux-x86_64 1.1.1 12.28 26.96 39.24 OK
r-release-macos-arm64 1.1.1 24.00 OK
r-release-macos-x86_64 1.1.1 40.00 OK
r-release-windows-x86_64 1.1.1 16.00 66.00 82.00 OK
r-oldrel-macos-arm64 1.1.1 24.00 NOTE
r-oldrel-macos-x86_64 1.1.1 33.00 NOTE
r-oldrel-windows-x86_64 1.1.1 20.00 76.00 96.00 NOTE

Check Details

Version: 1.1.1
Check: LazyData
Result: NOTE 'LazyData' is specified without a 'data' directory Flavors: r-oldrel-macos-arm64, r-oldrel-macos-x86_64, r-oldrel-windows-x86_64