CRAN Package Check Results for Package wru

Last updated on 2025-04-30 04:50:23 CEST.

Flavor Version Tinstall Tcheck Ttotal Status Flags
r-devel-linux-x86_64-debian-clang 3.0.3 46.00 71.97 117.97 OK
r-devel-linux-x86_64-debian-gcc 3.0.3 33.30 50.32 83.62 OK
r-devel-linux-x86_64-fedora-clang 3.0.3 219.43 NOTE
r-devel-linux-x86_64-fedora-gcc 3.0.3 182.27 NOTE
r-devel-windows-x86_64 3.0.3 55.00 108.00 163.00 OK
r-patched-linux-x86_64 3.0.3 44.38 65.41 109.79 OK
r-release-linux-x86_64 3.0.3 43.45 64.97 108.42 OK
r-release-macos-arm64 3.0.3 68.00 OK
r-release-macos-x86_64 3.0.3 127.00 OK
r-release-windows-x86_64 3.0.3 56.00 106.00 162.00 OK
r-oldrel-macos-arm64 3.0.3 66.00 NOTE
r-oldrel-macos-x86_64 3.0.3 89.00 NOTE
r-oldrel-windows-x86_64 3.0.3 64.00 131.00 195.00 NOTE

Check Details

Version: 3.0.3
Check: dependencies in R code
Result: NOTE Namespaces in Imports field not imported from: ‘future’ ‘tidyr’ All declared Imports should be used. Flavors: r-devel-linux-x86_64-fedora-clang, r-devel-linux-x86_64-fedora-gcc

Version: 3.0.3
Check: installed package size
Result: NOTE installed size is 7.1Mb sub-directories of 1Mb or more: data 3.7Mb help 1.9Mb libs 1.3Mb Flavors: r-oldrel-macos-arm64, r-oldrel-macos-x86_64, r-oldrel-windows-x86_64