CRAN Package Check Results for Package wsrf

Last updated on 2025-04-30 04:50:23 CEST.

Flavor Version Tinstall Tcheck Ttotal Status Flags
r-devel-linux-x86_64-debian-clang 1.7.30 44.99 33.43 78.42 NOTE
r-devel-linux-x86_64-debian-gcc 1.7.30 36.02 26.07 62.09 NOTE
r-devel-linux-x86_64-fedora-clang 1.7.30 149.36 NOTE
r-devel-linux-x86_64-fedora-gcc 1.7.30 159.99 NOTE
r-devel-windows-x86_64 1.7.30 52.00 84.00 136.00 NOTE
r-patched-linux-x86_64 1.7.30 48.18 30.92 79.10 NOTE
r-release-linux-x86_64 1.7.30 48.83 30.57 79.40 NOTE
r-release-macos-arm64 1.7.30 47.00 NOTE
r-release-macos-x86_64 1.7.30 64.00 NOTE
r-release-windows-x86_64 1.7.30 52.00 86.00 138.00 NOTE
r-oldrel-macos-arm64 1.7.30 46.00 NOTE
r-oldrel-macos-x86_64 1.7.30 55.00 NOTE
r-oldrel-windows-x86_64 1.7.30 47.00 91.00 138.00 NOTE

Check Details

Version: 1.7.30
Check: C++ specification
Result: NOTE Specified C++11: please drop specification unless essential Flavors: r-devel-linux-x86_64-debian-clang, r-devel-linux-x86_64-debian-gcc, r-devel-linux-x86_64-fedora-clang, r-devel-linux-x86_64-fedora-gcc, r-devel-windows-x86_64, r-patched-linux-x86_64, r-release-linux-x86_64, r-release-macos-arm64, r-release-macos-x86_64, r-release-windows-x86_64, r-oldrel-macos-arm64, r-oldrel-macos-x86_64, r-oldrel-windows-x86_64