Last updated on 2025-02-22 05:51:56 CET.
Flavor | Version | Tinstall | Tcheck | Ttotal | Status | Flags |
---|---|---|---|---|---|---|
r-devel-linux-x86_64-debian-clang | 1.1.61 | 208.84 | 22.62 | 231.46 | OK | |
r-devel-linux-x86_64-debian-gcc | 1.1.61 | 36.21 | 17.71 | 53.92 | OK | |
r-devel-linux-x86_64-fedora-clang | 1.1.61 | 335.08 | OK | |||
r-devel-linux-x86_64-fedora-gcc | 1.1.61 | 106.95 | OK | |||
r-devel-macos-arm64 | 1.1.61 | 87.00 | OK | |||
r-devel-macos-x86_64 | 1.1.61 | 69.00 | OK | |||
r-devel-windows-x86_64 | 1.1.61 | 137.00 | 46.00 | 183.00 | OK | |
r-patched-linux-x86_64 | 1.1.61 | 44.62 | 20.60 | 65.22 | OK | |
r-release-linux-x86_64 | 1.1.61 | 43.34 | 20.67 | 64.01 | OK | |
r-release-macos-arm64 | 1.1.61 | 87.00 | OK | |||
r-release-macos-x86_64 | 1.1.61 | 87.00 | OK | |||
r-release-windows-x86_64 | 1.1.61 | 119.00 | 37.00 | 156.00 | NOTE | |
r-oldrel-macos-arm64 | 1.1.61 | 102.00 | OK | |||
r-oldrel-macos-x86_64 | 1.1.61 | 85.00 | OK | |||
r-oldrel-windows-x86_64 | 1.1.61 | 150.00 | 37.00 | 187.00 | NOTE |
Version: 1.1.61
Check: installed package size
Result: NOTE
installed size is 5.6Mb
sub-directories of 1Mb or more:
bin 5.5Mb
Flavors: r-release-windows-x86_64, r-oldrel-windows-x86_64