Last updated on 2025-11-04 03:51:14 CET.
| Flavor | Version | Tinstall | Tcheck | Ttotal | Status | Flags | 
|---|---|---|---|---|---|---|
| r-devel-linux-x86_64-debian-clang | 0.1.1 | 15.18 | 120.14 | 135.32 | NOTE | |
| r-devel-linux-x86_64-debian-gcc | 0.1.1 | 12.42 | 94.30 | 106.72 | NOTE | |
| r-devel-linux-x86_64-fedora-clang | 0.1.1 | 33.00 | 181.74 | 214.74 | NOTE | |
| r-devel-linux-x86_64-fedora-gcc | 0.1.1 | 36.00 | 168.70 | 204.70 | NOTE | |
| r-devel-windows-x86_64 | 0.1.1 | 15.00 | 116.00 | 131.00 | NOTE | |
| r-patched-linux-x86_64 | 0.1.1 | 16.04 | 121.54 | 137.58 | NOTE | |
| r-release-linux-x86_64 | 0.1.1 | 16.03 | 120.78 | 136.81 | NOTE | |
| r-release-macos-arm64 | 0.1.1 | 25.00 | 140.00 | 165.00 | OK | |
| r-release-macos-x86_64 | 0.1.1 | 21.00 | 180.00 | 201.00 | OK | |
| r-release-windows-x86_64 | 0.1.1 | 15.00 | 114.00 | 129.00 | NOTE | |
| r-oldrel-macos-arm64 | 0.1.1 | 11.00 | 73.00 | 84.00 | OK | |
| r-oldrel-macos-x86_64 | 0.1.1 | 11.00 | 81.00 | 92.00 | OK | |
| r-oldrel-windows-x86_64 | 0.1.1 | 17.00 | 145.00 | 162.00 | OK | 
Version: 0.1.1
Check: Rd cross-references
Result: NOTE
  Found the following Rd file(s) with Rd \link{} targets missing package
  anchors:
    imDisplay.Rd: cimg
    imRead.Rd: load.image, imager, cimg
  Please provide package anchors for all Rd \link{} targets not in the
  package itself and the base packages.
Flavors: r-devel-linux-x86_64-debian-clang, r-devel-linux-x86_64-debian-gcc, r-devel-windows-x86_64, r-patched-linux-x86_64, r-release-linux-x86_64, r-release-windows-x86_64
Version: 0.1.1
Check: dependencies in R code
Result: NOTE
  Namespace in Imports field not imported from: ‘tcltk2’
    All declared Imports should be used.
Flavors: r-devel-linux-x86_64-fedora-clang, r-devel-linux-x86_64-fedora-gcc