Last updated on 2025-04-30 04:50:23 CEST.
Flavor | Version | Tinstall | Tcheck | Ttotal | Status | Flags |
---|---|---|---|---|---|---|
r-devel-linux-x86_64-debian-clang | 1.0.0 | 5.52 | 70.79 | 76.31 | NOTE | |
r-devel-linux-x86_64-debian-gcc | 1.0.0 | 3.56 | 48.64 | 52.20 | OK | |
r-devel-linux-x86_64-fedora-clang | 1.0.0 | 105.61 | OK | |||
r-devel-linux-x86_64-fedora-gcc | 1.0.0 | 112.98 | OK | |||
r-devel-windows-x86_64 | 1.0.0 | 8.00 | 79.00 | 87.00 | OK | |
r-patched-linux-x86_64 | 1.0.0 | 5.29 | 65.71 | 71.00 | OK | |
r-release-linux-x86_64 | 1.0.0 | 5.69 | 66.49 | 72.18 | OK | |
r-release-macos-arm64 | 1.0.0 | 42.00 | OK | |||
r-release-macos-x86_64 | 1.0.0 | 72.00 | OK | |||
r-release-windows-x86_64 | 1.0.0 | 9.00 | 77.00 | 86.00 | OK | |
r-oldrel-macos-arm64 | 1.0.0 | 39.00 | OK | |||
r-oldrel-macos-x86_64 | 1.0.0 | 59.00 | OK | |||
r-oldrel-windows-x86_64 | 1.0.0 | 11.00 | 94.00 | 105.00 | OK |
Version: 1.0.0
Check: examples
Result: NOTE
Examples with CPU (user + system) or elapsed time > 5s
user system elapsed
admix_barplot 6.037 0.211 8.203
Flavor: r-devel-linux-x86_64-debian-clang