Last updated on 2025-04-30 04:50:23 CEST.
Flavor | Version | Tinstall | Tcheck | Ttotal | Status | Flags |
---|---|---|---|---|---|---|
r-devel-linux-x86_64-debian-clang | 0.1-2 | 10.76 | 182.01 | 192.77 | OK | |
r-devel-linux-x86_64-debian-gcc | 0.1-2 | 7.86 | 133.81 | 141.67 | OK | |
r-devel-linux-x86_64-fedora-clang | 0.1-2 | 302.11 | OK | |||
r-devel-linux-x86_64-fedora-gcc | 0.1-2 | 300.56 | OK | |||
r-devel-windows-x86_64 | 0.1-2 | 26.00 | 489.00 | 515.00 | OK | |
r-patched-linux-x86_64 | 0.1-2 | 11.16 | 178.24 | 189.40 | OK | |
r-release-linux-x86_64 | 0.1-2 | 10.45 | 178.23 | 188.68 | OK | |
r-release-macos-arm64 | 0.1-2 | 87.00 | OK | |||
r-release-macos-x86_64 | 0.1-2 | 234.00 | OK | |||
r-release-windows-x86_64 | 0.1-2 | 25.00 | 493.00 | 518.00 | OK | |
r-oldrel-macos-arm64 | 0.1-2 | 82.00 | NOTE | |||
r-oldrel-macos-x86_64 | 0.1-2 | 215.00 | NOTE | |||
r-oldrel-windows-x86_64 | 0.1-2 | 25.00 | 460.00 | 485.00 | OK |
Version: 0.1-2
Check: installed package size
Result: NOTE
installed size is 21.8Mb
sub-directories of 1Mb or more:
Fonts 1.3Mb
libs 19.7Mb
Flavors: r-oldrel-macos-arm64, r-oldrel-macos-x86_64