Last updated on 2025-04-30 04:50:23 CEST.
Flavor | Version | Tinstall | Tcheck | Ttotal | Status | Flags |
---|---|---|---|---|---|---|
r-devel-linux-x86_64-debian-clang | 0.9.0.8 | 3.20 | 62.54 | 65.74 | NOTE | |
r-devel-linux-x86_64-debian-gcc | 0.9.0.8 | 2.51 | 42.02 | 44.53 | NOTE | |
r-devel-linux-x86_64-fedora-clang | 0.9.0.8 | 108.05 | OK | |||
r-devel-linux-x86_64-fedora-gcc | 0.9.0.8 | 98.61 | OK | |||
r-devel-windows-x86_64 | 0.9.0.8 | 4.00 | 80.00 | 84.00 | OK | |
r-patched-linux-x86_64 | 0.9.0.8 | 3.83 | 58.92 | 62.75 | OK | |
r-release-linux-x86_64 | 0.9.0.8 | 3.16 | 59.17 | 62.33 | OK | |
r-release-macos-arm64 | 0.9.0.8 | 29.00 | OK | |||
r-release-macos-x86_64 | 0.9.0.8 | 48.00 | OK | |||
r-release-windows-x86_64 | 0.9.0.8 | 5.00 | 83.00 | 88.00 | OK | |
r-oldrel-macos-arm64 | 0.9.0.8 | 31.00 | OK | |||
r-oldrel-macos-x86_64 | 0.9.0.8 | 63.00 | OK | |||
r-oldrel-windows-x86_64 | 0.9.0.8 | 7.00 | 90.00 | 97.00 | OK |
Version: 0.9.0.8
Check: examples
Result: NOTE
Examples with CPU (user + system) or elapsed time > 5s
user system elapsed
xegaRun 12.856 0.129 16.884
Flavor: r-devel-linux-x86_64-debian-clang
Version: 0.9.0.8
Check: examples
Result: NOTE
Examples with CPU (user + system) or elapsed time > 5s
user system elapsed
xegaRun 8.139 0.018 9.499
Flavor: r-devel-linux-x86_64-debian-gcc