Last updated on 2025-11-02 03:52:00 CET.
| Flavor | Version | Tinstall | Tcheck | Ttotal | Status | Flags |
|---|---|---|---|---|---|---|
| r-devel-linux-x86_64-debian-clang | 0.2.3 | 9.99 | 75.81 | 85.80 | OK | |
| r-devel-linux-x86_64-debian-gcc | 0.2.3 | 7.94 | 55.32 | 63.26 | OK | |
| r-devel-linux-x86_64-fedora-clang | 0.2.3 | 22.00 | 115.30 | 137.30 | OK | |
| r-devel-linux-x86_64-fedora-gcc | 0.2.3 | 24.00 | 115.83 | 139.83 | OK | |
| r-devel-windows-x86_64 | 0.2.3 | 11.00 | 81.00 | 92.00 | OK | |
| r-patched-linux-x86_64 | 0.2.3 | 9.71 | 72.35 | 82.06 | OK | |
| r-release-linux-x86_64 | 0.2.3 | 8.84 | 71.47 | 80.31 | OK | |
| r-release-macos-arm64 | 0.2.3 | 4.00 | 32.00 | 36.00 | OK | |
| r-release-macos-x86_64 | 0.2.3 | 8.00 | 92.00 | 100.00 | OK | |
| r-release-windows-x86_64 | 0.2.3 | 11.00 | 77.00 | 88.00 | OK | |
| r-oldrel-macos-arm64 | 0.2.3 | 5.00 | 35.00 | 40.00 | NOTE | |
| r-oldrel-macos-x86_64 | 0.2.3 | 5.00 | 51.00 | 56.00 | NOTE | |
| r-oldrel-windows-x86_64 | 0.2.3 | 15.00 | 105.00 | 120.00 | NOTE |
Version: 0.2.3
Check: LazyData
Result: NOTE
'LazyData' is specified without a 'data' directory
Flavors: r-oldrel-macos-arm64, r-oldrel-macos-x86_64, r-oldrel-windows-x86_64