CRAN Package Check Results for Package xfun

Last updated on 2025-04-30 04:50:23 CEST.

Flavor Version Tinstall Tcheck Ttotal Status Flags
r-devel-linux-x86_64-debian-clang 0.52 7.80 59.89 67.69 NOTE
r-devel-linux-x86_64-debian-gcc 0.52 4.75 42.15 46.90 NOTE
r-devel-linux-x86_64-fedora-clang 0.52 105.93 OK
r-devel-linux-x86_64-fedora-gcc 0.52 108.62 OK
r-devel-windows-x86_64 0.52 13.00 109.00 122.00 OK
r-patched-linux-x86_64 0.52 8.86 54.91 63.77 OK
r-release-linux-x86_64 0.52 5.88 55.35 61.23 OK
r-release-macos-arm64 0.52 80.00 OK
r-release-macos-x86_64 0.52 180.00 OK
r-release-windows-x86_64 0.52 11.00 112.00 123.00 OK
r-oldrel-macos-arm64 0.52 99.00 OK
r-oldrel-macos-x86_64 0.52 185.00 OK
r-oldrel-windows-x86_64 0.52 14.00 116.00 130.00 OK

Check Details

Version: 0.52
Check: DESCRIPTION meta-information
Result: NOTE Author field differs from that derived from Authors@R Author: ‘Yihui Xie [aut, cre, cph] (<https://orcid.org/0000-0003-0645-5666>, https://yihui.org), Wush Wu [ctb], Daijiang Li [ctb], Xianying Tan [ctb], Salim Brüggemann [ctb] (<https://orcid.org/0000-0002-5329-5987>), Christophe Dervieux [ctb]’ Authors@R: ‘Yihui Xie [aut, cre, cph] (ORCID: <https://orcid.org/0000-0003-0645-5666>, URL: https://yihui.org), Wush Wu [ctb], Daijiang Li [ctb], Xianying Tan [ctb], Salim Brüggemann [ctb] (ORCID: <https://orcid.org/0000-0002-5329-5987>), Christophe Dervieux [ctb]’ Flavors: r-devel-linux-x86_64-debian-clang, r-devel-linux-x86_64-debian-gcc